s(u) = -u + 2. Let c be s(0). Suppose 0 = -6*n + c*n + 40. Let o = -2 + n. What is the units digit of o?
8
Let h = -6 - -14. Suppose 0 = -8*a + 4*a + h. What is the units digit of (a/(-4))/((-1)/16)?
8
Let a = 4257 + 376. What is the tens digit of a?
3
Let m(y) = 1253*y + 21. What is the tens digit of m(1)?
7
Let v(g) = -g - 5. Let f be v(-5). Let z(m) = -4*m + 21. What is the units digit of z(f)?
1
Let u(a) = -1 + 3 + 3*a - 1 - 2. Let w be u(8). Suppose w*j - 24*j = -31. What is the units digit of j?
1
Let a = 462 + -41. Suppose 5*d = -156 + a. Let h = d - 9. What is the tens digit of h?
4
Suppose q - 665 = -u, -2*u + 1899 - 567 = 4*q. What is the hundreds digit of u?
6
Suppose 0*m + m = 0. Suppose m*y + 52 = y. Suppose 0*l - y = -2*l. What is the units digit of l?
6
Let d be (1 + (-15)/10)*-102. Suppose 0 = -4*y + d - 27. What is the units digit of y?
6
Let i be ((-3591)/(-14))/((-3)/(-8)). Suppose -2*d - i = -6*d. What is the hundreds digit of d?
1
Suppose 3*g = -14*f + 11*f - 12, -3*f = 2*g + 17. Let m(v) = -6 + 4 - 10*v - v**2 - 6. What is the units digit of m(f)?
1
Suppose -2*y - 213 = -i - 0*y, 3*i - 3*y - 639 = 0. What is the hundreds digit of i?
2
Let j(l) = -324*l**3 + 9*l**2 + 5*l + 4. What is the tens digit of j(-2)?
2
Let j(l) be the second derivative of 11*l**4/6 + l**3 - 2*l**2 + 25*l. What is the units digit of j(2)?
6
Suppose p - 40 = -4*k + 34, 2*p - 136 = -4*k. Let f be -9 - (9 + (-7 - 36)). Let u = p - f. What is the units digit of u?
7
What is the hundreds digit of -1 + 5 + (-3542)/(-7 + 0)?
5
Let j be -2 + -14 - (-8 - -9). Let b = j - -104. What is the units digit of b?
7
Suppose 0 = -3*m + u + 25, 0*m + 29 = 3*m + u. Let a(i) = 0 - 2*i + i**2 - i - i + m. What is the units digit of a(4)?
9
Let t(d) = d**2 + 5*d. Let j be t(-5). Suppose -2 = -x - j. What is the units digit of 2/x + (6 - 1)?
6
Suppose 0 = -5*b - 4*q + 25, -b + 4*q + 4 = -1. Suppose b*h - 102 = 3*h. What is the tens digit of h?
5
Let l(b) = -2*b + 5. Let i be l(5). Let k = -4 - i. Suppose 0 = -4*a + 3*a + k, -4*t + 3*a + 85 = 0. What is the units digit of t?
2
Suppose 5*o + 66 = b - 119, -364 = -2*b + 4*o. Let g = 322 + -70. Suppose -4*c = s - g, 3*s = -5*c + 2*c + b. What is the units digit of c?
4
Suppose l + 8 + 3 = 3*i, 17 = 4*i + l. Suppose 0*y = y + c - 15, 4*y = i*c + 28. What is the units digit of y?
1
Let f(j) = -20*j**2 - 9*j - 8. Let h be f(-2). Let i = 194 + h. What is the tens digit of i?
2
What is the tens digit of -4*(4 + (-233)/8)*4?
0
Suppose 5*x = 2*x + 36. Suppose -x*y - 182 = -11*y. Let n = -112 - y. What is the units digit of n?
0
Suppose 527 + 616 = 3*o + 3*l, 5*o - 4*l = 1914. What is the hundreds digit of o?
3
Suppose 26051 = 57*r - 71989. What is the units digit of r?
0
Suppose -34*z - 31*z = -196300. What is the tens digit of z?
2
Suppose -23*w = -7*w - 30496. What is the thousands digit of w?
1
Let d(f) = 3*f + 6*f**2 + 71 + f**2 + f**2 - f**3 - 65. What is the units digit of d(4)?
2
Suppose 0 = -4*j - 5*f - 58, f = 2*j - f + 38. Let b = -13 - j. Let w(l) = -l**3 + 5*l**2 + l. What is the tens digit of w(b)?
2
Let f(i) be the first derivative of -5*i - 5 - 9*i**2 - 1/3*i**3. What is the units digit of f(-12)?
7
Let z be 0 - 3/((-6)/592). Let u = z - 202. What is the units digit of u?
4
Suppose -5*b + 12*r = 13*r - 21710, b - 3*r - 4358 = 0. What is the thousands digit of b?
4
Suppose 3*o - 2*q - 748 = 0, 7*q + 4 = 5*q. What is the hundreds digit of o?
2
Suppose 2*u = 0, -3*j + u = -6*j - 18. Let t be (-372)/(-9) - j/9. Let n = -17 + t. What is the units digit of n?
5
Suppose 27*d + 6*d - 19866 = 0. What is the units digit of d?
2
Let z(o) = -159*o - 19. What is the hundreds digit of z(-4)?
6
Suppose 1 = m, -5*m + m + 16 = 4*y. Suppose 0 = -l - 2*g - 89, 0 = -2*l + y*g - 92 - 100. What is the units digit of 2/(273/l - -3)?
1
Let g(n) = n**3 + 3*n**2 - 5*n - 2. Let w be g(-4). Suppose 3*m = w*b + 2587, -4*m = 8*b - 3*b + 6479. What is the tens digit of 4/18 + b/(-45)?
2
Let t be (-1)/(-4) + 0 - 2034/(-24). Let o = 242 - t. What is the hundreds digit of o?
1
Let n be ((-15)/(-3) - 1)/2. Suppose n*u = 5*u + 6. What is the units digit of 0 + 46*(-1)/u?
3
Let j = -131 + 984. What is the tens digit of j?
5
Suppose 4*b - 4*c - 4464 = 0, 4*b - 15*c + 13*c = 4458. What is the thousands digit of b?
1
Suppose -3*s = l - 1824, -2*l - 8*s + 3648 = -7*s. What is the tens digit of l?
2
Let d(p) = -p**3 + 2*p**2 + 2*p - 2. Suppose -64 = 4*s - 0*s. Let q be 3/((-2)/(s/12)). What is the units digit of d(q)?
2
Let v(g) = -8*g - 4. Let p be 133/38 + 3/2. Suppose -p*o - 15 = -0*o. What is the tens digit of v(o)?
2
Suppose 7382 = 5*k + 4*z, -3*z + 1380 + 92 = k. What is the thousands digit of k?
1
Let o(q) = 2*q + 3. Let z(c) = 3*c - 9. Let j be z(4). Let r be o(j). What is the units digit of (1 - 0) + (r - -5)?
5
Let u(y) be the first derivative of y**4/4 - 13*y**3/3 + 15*y**2/2 + 10*y + 6. What is the units digit of u(12)?
6
Suppose 2958*u - 2961*u = -4143. What is the hundreds digit of u?
3
Let r(i) = 15*i**2 - 40*i. What is the units digit of r(7)?
5
Let s = 3 + 6. Let w(d) = -s + 9 + 4*d + 0*d. What is the units digit of w(7)?
8
Suppose -3*d + 6 = -g, -d + 0*d = -2*g + 8. Let m = g + -5. What is the units digit of (3/(-6))/(m/(-2))?
1
Let o(n) = 3*n - 5 - 3*n + 3*n + n**2 + 0*n. What is the tens digit of o(6)?
4
Let w be ((-6)/(-4))/(5/10). Suppose -3*x = -5*o + 2*o + 84, -w*o + 96 = x. What is the units digit of o?
1
Let h(o) = 78*o**2 - 18*o + 73. What is the units digit of h(4)?
9
Let g be 8/6*(20/(-5) + 442). Suppose 0 = -5*j + 4*a + g, -j = -a - 13 - 103. What is the tens digit of j?
2
Suppose -11*g + 16*g - 4*p - 9228 = 0, -g + 1854 = 2*p. What is the hundreds digit of g?
8
Let a(v) = -5*v**2 - 15*v - 3. Let t be a(-2). Suppose -6 = -5*q + 9, -4*x + 2 = -2*q. Suppose -t*f = -x*f - 175. What is the tens digit of f?
3
Suppose -5*q = 5*h - 0*h, -3*h - 1 = 2*q. Let s = h - -61. What is the tens digit of s?
6
Let p = 54 + -143. Suppose -2*j = -0*j + 102. Let g = j - p. What is the tens digit of g?
3
Suppose 0 = -c - 2*y + 1899, -11*y + 6*y = -3*c + 5730. What is the units digit of c?
5
Suppose 0 = -3*h + 5*h - 8. Suppose -6*m = -h*m - 66. What is the units digit of m?
3
Let i be 3/9 + (-23)/6*-104. Suppose 1021 + i = 10*l. What is the tens digit of l?
4
Suppose 3*p + 18 = -0*p + 4*i, -5*i + 11 = 2*p. Let g = p + 7. What is the units digit of g?
5
Suppose 0 = m + 1, -5*t + 219 = -0*t - 4*m. Let u = t - 25. What is the units digit of 166/u + 26/(-117)?
9
Let b(l) = -33*l - 5. Let d be b(-1). Let y = 52 - d. What is the units digit of y?
4
Let n = -58 - -130. What is the tens digit of n?
7
Let h = -24 + 21. Let n(t) = 8*t**2 - 4*t - 4. Let m(p) = -7*p**2 + 3*p + 4. Let g(w) = h*n(w) - 4*m(w). What is the units digit of g(-4)?
0
Let z = 2 - 2. Suppose z = -h - 2*h + 339. What is the units digit of h?
3
Let g(i) = -6*i - 16. Let m(h) = 4*h + 11. Let c(y) = 5*g(y) + 8*m(y). Let q be c(8). What is the tens digit of (-5)/((-4)/q*1)?
3
Suppose 3*v - b = 305, -2*b = 3*b + 25. Suppose 3*s - 605 = -5*d, d - 4 = -4*s + v. What is the units digit of d?
4
Let t = 98 - 130. Let r = t - -76. What is the units digit of r?
4
Suppose 0*r - 5 = -r. Suppose 5*v = 2*u - 129, -r*v + 2*v + 245 = 5*u. What is the units digit of u?
2
Suppose 4*x - 2*i - 10 = 0, -3*i - 8 = -5*x + 3. Suppose -x*y + 729 = -y. What is the hundreds digit of y?
2
Let f be 6/(-4)*(-9 + 5). Let p(d) = -d**3 + 7*d**2 - 5*d - 5. Let c be p(f). Let n(z) = 23*z**3 - z**2 + z. What is the units digit of n(c)?
3
Suppose -2*w + 7634 = -3*u + 7*u, -u = -2*w - 1896. What is the units digit of u?
6
Suppose -2*r - 11489 = -5*i, 5*r - 6*r + 11498 = 5*i. What is the tens digit of i?
9
What is the tens digit of (-3)/3 + 174 + -2?
7
Let q be 5/(-3) + (-3)/(9/(-2)). What is the tens digit of q*(-5 + 10) - -233?
2
Suppose -4774 - 2046 = -20*k. What is the hundreds digit of k?
3
Let c(g) = -g**3 - g**2 + 2*g. Let m be c(-2). Let v(f) = -f**3 - f**2 + f + 8. Let u be v(m). What is the units digit of (-12)/u*2 + 8?
5
Suppose -3*p - 4*n = 17, 4*p - 4*n = -2*n - 52. Let q = -8 - p. Let o(t) = 4*t - 6. What is the units digit of o(q)?
6
Let z(k) = k**3 + 20*k**2 - 45*k - 50. What is the tens digit of z(-21)?
5
Let s